{"id":320,"date":"2015-09-15T08:31:21","date_gmt":"2015-09-15T08:31:21","guid":{"rendered":"https:\/\/interstore.ch\/de\/about\/"},"modified":"2022-07-12T15:26:18","modified_gmt":"2022-07-12T15:26:18","slug":"ueber-uns","status":"publish","type":"page","link":"https:\/\/interstore.ch\/de\/ueber-uns\/","title":{"rendered":"\u00dcber uns"},"content":{"rendered":"<h2><span>INTERSTORE SEIT 1987<\/span><\/h2>\n<p style=\"text-align: center;\">Wir sind eine Retail-Designagentur mit Hauptsitz in Z\u00fcrich, mehreren Niederlassungen weltweit, einem internationalen Netzwerk und zahlreichen pr\u00e4mierten Projekten. Seit 1987 entwickeln wir Konzepte f\u00fcr den Einzelhandel. Neben dem Store-Konzept (Experience und Design) legen wir in unseren Projekten einen starken Fokus auf die Warenpr\u00e4sentation und eine klare Kommunikation. Daraus entwickelte sich mit der Zeit der heutige 360\u00b0-Ansatz, der unsere Projekte einzigartig macht.<\/p>\n<p><a href=\"https:\/\/interstore.ch\/app\/uploads\/2017\/03\/About-Startfoto-ohne-Stuhl.jpg\"><img loading=\"lazy\" decoding=\"async\" class=\"alignnone wp-image-2186 size-full\" src=\"https:\/\/interstore.ch\/app\/uploads\/2017\/03\/About-Startfoto-ohne-Stuhl.jpg\" alt=\"about-startfoto-ohne-stuhl\" width=\"1260\" height=\"803\" srcset=\"https:\/\/interstore.ch\/app\/uploads\/2017\/03\/About-Startfoto-ohne-Stuhl.jpg 1260w, https:\/\/interstore.ch\/app\/uploads\/2017\/03\/About-Startfoto-ohne-Stuhl-1024x653.jpg 1024w, https:\/\/interstore.ch\/app\/uploads\/2017\/03\/About-Startfoto-ohne-Stuhl-768x489.jpg 768w, https:\/\/interstore.ch\/app\/uploads\/2017\/03\/About-Startfoto-ohne-Stuhl-300x191.jpg 300w\" sizes=\"auto, (max-width: 1260px) 100vw, 1260px\" \/><\/a><\/p>\n<h2><span>REIMAGINING RETAIL<\/span><\/h2>\n<p style=\"text-align: center;\">Reimagining Retail: In enger Zusammenarbeit mit unseren Kunden entwickeln wir neue Formate und Konzepte. Dabei sch\u00f6pfen wir aus unserer langj\u00e4hrigen Erfahrung und unserem Verst\u00e4ndnis f\u00fcr den Handel. Wir kombinieren unser Retail-Know-how mit unserem \u00abOut-of-the-Box\u00bb-Denken, unserem Gesp\u00fcr f\u00fcr Innovation und unserer Begeisterung f\u00fcr Neues.<br \/>\nUnsere L\u00f6sungen sind produkt- und kundenorientiert. Design und Funktion gehen dabei stets eine enge Verbindung ein.<br \/>\nWir denken und planen 360\u00b0 \u2013 f\u00fcr den Handel von heute und morgen.<\/p>\n<p>&nbsp;<\/p>\n","protected":false},"excerpt":{"rendered":"<p>INTERSTORE SEIT 1987 Wir sind eine Retail-Designagentur mit Hauptsitz in Z\u00fcrich, mehreren Niederlassungen weltweit, einem internationalen Netzwerk und zahlreichen pr\u00e4mierten Projekten. Seit 1987 entwickeln wir Konzepte f\u00fcr den Einzelhandel. Neben dem Store-Konzept (Experience und Design) legen wir in unseren Projekten einen starken Fokus auf die Warenpr\u00e4sentation und eine klare Kommunikation. Daraus entwickelte sich mit der [&hellip;]<\/p>\n","protected":false},"author":1,"featured_media":0,"parent":0,"menu_order":0,"comment_status":"closed","ping_status":"closed","template":"template-about.php","meta":{"_acf_changed":false,"footnotes":""},"class_list":["post-320","page","type-page","status-publish","hentry"],"acf":[],"yoast_head":"<!-- This site is optimized with the Yoast SEO plugin v27.0 - https:\/\/yoast.com\/product\/yoast-seo-wordpress\/ -->\n<title>\u00dcber uns - Interstore<\/title>\n<meta name=\"robots\" content=\"index, follow, max-snippet:-1, max-image-preview:large, max-video-preview:-1\" \/>\n<link rel=\"canonical\" href=\"https:\/\/interstore.ch\/de\/ueber-uns\/\" \/>\n<meta property=\"og:locale\" content=\"de_DE\" \/>\n<meta property=\"og:type\" content=\"article\" \/>\n<meta property=\"og:title\" content=\"\u00dcber uns - Interstore\" \/>\n<meta property=\"og:description\" content=\"INTERSTORE SEIT 1987 Wir sind eine Retail-Designagentur mit Hauptsitz in Z\u00fcrich, mehreren Niederlassungen weltweit, einem internationalen Netzwerk und zahlreichen pr\u00e4mierten Projekten. Seit 1987 entwickeln wir Konzepte f\u00fcr den Einzelhandel. Neben dem Store-Konzept (Experience und Design) legen wir in unseren Projekten einen starken Fokus auf die Warenpr\u00e4sentation und eine klare Kommunikation. Daraus entwickelte sich mit der [&hellip;]\" \/>\n<meta property=\"og:url\" content=\"https:\/\/interstore.ch\/de\/ueber-uns\/\" \/>\n<meta property=\"og:site_name\" content=\"Interstore\" \/>\n<meta property=\"article:modified_time\" content=\"2022-07-12T15:26:18+00:00\" \/>\n<meta property=\"og:image\" content=\"https:\/\/interstore.ch\/app\/uploads\/2017\/03\/About-Startfoto-ohne-Stuhl.jpg\" \/>\n<meta name=\"twitter:card\" content=\"summary_large_image\" \/>\n<meta name=\"twitter:label1\" content=\"Est. reading time\" \/>\n\t<meta name=\"twitter:data1\" content=\"1 Minute\" \/>\n<script type=\"application\/ld+json\" class=\"yoast-schema-graph\">{\"@context\":\"https:\/\/schema.org\",\"@graph\":[{\"@type\":\"WebPage\",\"@id\":\"https:\/\/interstore.ch\/de\/ueber-uns\/\",\"url\":\"https:\/\/interstore.ch\/de\/ueber-uns\/\",\"name\":\"\u00dcber uns - Interstore\",\"isPartOf\":{\"@id\":\"https:\/\/interstore.ch\/de\/#website\"},\"primaryImageOfPage\":{\"@id\":\"https:\/\/interstore.ch\/de\/ueber-uns\/#primaryimage\"},\"image\":{\"@id\":\"https:\/\/interstore.ch\/de\/ueber-uns\/#primaryimage\"},\"thumbnailUrl\":\"https:\/\/interstore.ch\/app\/uploads\/2017\/03\/About-Startfoto-ohne-Stuhl.jpg\",\"datePublished\":\"2015-09-15T08:31:21+00:00\",\"dateModified\":\"2022-07-12T15:26:18+00:00\",\"breadcrumb\":{\"@id\":\"https:\/\/interstore.ch\/de\/ueber-uns\/#breadcrumb\"},\"inLanguage\":\"de-DE\",\"potentialAction\":[{\"@type\":\"ReadAction\",\"target\":[\"https:\/\/interstore.ch\/de\/ueber-uns\/\"]}]},{\"@type\":\"ImageObject\",\"inLanguage\":\"de-DE\",\"@id\":\"https:\/\/interstore.ch\/de\/ueber-uns\/#primaryimage\",\"url\":\"https:\/\/interstore.ch\/app\/uploads\/2017\/03\/About-Startfoto-ohne-Stuhl.jpg\",\"contentUrl\":\"https:\/\/interstore.ch\/app\/uploads\/2017\/03\/About-Startfoto-ohne-Stuhl.jpg\"},{\"@type\":\"BreadcrumbList\",\"@id\":\"https:\/\/interstore.ch\/de\/ueber-uns\/#breadcrumb\",\"itemListElement\":[{\"@type\":\"ListItem\",\"position\":1,\"name\":\"Home\",\"item\":\"https:\/\/interstore.ch\/de\/\"},{\"@type\":\"ListItem\",\"position\":2,\"name\":\"\u00dcber uns\"}]},{\"@type\":\"WebSite\",\"@id\":\"https:\/\/interstore.ch\/de\/#website\",\"url\":\"https:\/\/interstore.ch\/de\/\",\"name\":\"Interstore\",\"description\":\"We think Retail!\",\"potentialAction\":[{\"@type\":\"SearchAction\",\"target\":{\"@type\":\"EntryPoint\",\"urlTemplate\":\"https:\/\/interstore.ch\/de\/?s={search_term_string}\"},\"query-input\":{\"@type\":\"PropertyValueSpecification\",\"valueRequired\":true,\"valueName\":\"search_term_string\"}}],\"inLanguage\":\"de-DE\"}]}<\/script>\n<!-- \/ Yoast SEO plugin. -->","yoast_head_json":{"title":"\u00dcber uns - Interstore","robots":{"index":"index","follow":"follow","max-snippet":"max-snippet:-1","max-image-preview":"max-image-preview:large","max-video-preview":"max-video-preview:-1"},"canonical":"https:\/\/interstore.ch\/de\/ueber-uns\/","og_locale":"de_DE","og_type":"article","og_title":"\u00dcber uns - Interstore","og_description":"INTERSTORE SEIT 1987 Wir sind eine Retail-Designagentur mit Hauptsitz in Z\u00fcrich, mehreren Niederlassungen weltweit, einem internationalen Netzwerk und zahlreichen pr\u00e4mierten Projekten. Seit 1987 entwickeln wir Konzepte f\u00fcr den Einzelhandel. Neben dem Store-Konzept (Experience und Design) legen wir in unseren Projekten einen starken Fokus auf die Warenpr\u00e4sentation und eine klare Kommunikation. Daraus entwickelte sich mit der [&hellip;]","og_url":"https:\/\/interstore.ch\/de\/ueber-uns\/","og_site_name":"Interstore","article_modified_time":"2022-07-12T15:26:18+00:00","og_image":[{"url":"https:\/\/interstore.ch\/app\/uploads\/2017\/03\/About-Startfoto-ohne-Stuhl.jpg","type":"","width":"","height":""}],"twitter_card":"summary_large_image","twitter_misc":{"Est. reading time":"1 Minute"},"schema":{"@context":"https:\/\/schema.org","@graph":[{"@type":"WebPage","@id":"https:\/\/interstore.ch\/de\/ueber-uns\/","url":"https:\/\/interstore.ch\/de\/ueber-uns\/","name":"\u00dcber uns - Interstore","isPartOf":{"@id":"https:\/\/interstore.ch\/de\/#website"},"primaryImageOfPage":{"@id":"https:\/\/interstore.ch\/de\/ueber-uns\/#primaryimage"},"image":{"@id":"https:\/\/interstore.ch\/de\/ueber-uns\/#primaryimage"},"thumbnailUrl":"https:\/\/interstore.ch\/app\/uploads\/2017\/03\/About-Startfoto-ohne-Stuhl.jpg","datePublished":"2015-09-15T08:31:21+00:00","dateModified":"2022-07-12T15:26:18+00:00","breadcrumb":{"@id":"https:\/\/interstore.ch\/de\/ueber-uns\/#breadcrumb"},"inLanguage":"de-DE","potentialAction":[{"@type":"ReadAction","target":["https:\/\/interstore.ch\/de\/ueber-uns\/"]}]},{"@type":"ImageObject","inLanguage":"de-DE","@id":"https:\/\/interstore.ch\/de\/ueber-uns\/#primaryimage","url":"https:\/\/interstore.ch\/app\/uploads\/2017\/03\/About-Startfoto-ohne-Stuhl.jpg","contentUrl":"https:\/\/interstore.ch\/app\/uploads\/2017\/03\/About-Startfoto-ohne-Stuhl.jpg"},{"@type":"BreadcrumbList","@id":"https:\/\/interstore.ch\/de\/ueber-uns\/#breadcrumb","itemListElement":[{"@type":"ListItem","position":1,"name":"Home","item":"https:\/\/interstore.ch\/de\/"},{"@type":"ListItem","position":2,"name":"\u00dcber uns"}]},{"@type":"WebSite","@id":"https:\/\/interstore.ch\/de\/#website","url":"https:\/\/interstore.ch\/de\/","name":"Interstore","description":"We think Retail!","potentialAction":[{"@type":"SearchAction","target":{"@type":"EntryPoint","urlTemplate":"https:\/\/interstore.ch\/de\/?s={search_term_string}"},"query-input":{"@type":"PropertyValueSpecification","valueRequired":true,"valueName":"search_term_string"}}],"inLanguage":"de-DE"}]}},"_links":{"self":[{"href":"https:\/\/interstore.ch\/de\/wp-json\/wp\/v2\/pages\/320","targetHints":{"allow":["GET"]}}],"collection":[{"href":"https:\/\/interstore.ch\/de\/wp-json\/wp\/v2\/pages"}],"about":[{"href":"https:\/\/interstore.ch\/de\/wp-json\/wp\/v2\/types\/page"}],"author":[{"embeddable":true,"href":"https:\/\/interstore.ch\/de\/wp-json\/wp\/v2\/users\/1"}],"replies":[{"embeddable":true,"href":"https:\/\/interstore.ch\/de\/wp-json\/wp\/v2\/comments?post=320"}],"version-history":[{"count":78,"href":"https:\/\/interstore.ch\/de\/wp-json\/wp\/v2\/pages\/320\/revisions"}],"predecessor-version":[{"id":8252,"href":"https:\/\/interstore.ch\/de\/wp-json\/wp\/v2\/pages\/320\/revisions\/8252"}],"wp:attachment":[{"href":"https:\/\/interstore.ch\/de\/wp-json\/wp\/v2\/media?parent=320"}],"curies":[{"name":"wp","href":"https:\/\/api.w.org\/{rel}","templated":true}]}}

Über uns

<h2><span>INTERSTORE SEIT 1987</span></h2>
<p style="text-align: center;">Wir sind eine Retail-Designagentur mit Hauptsitz in Zürich, mehreren Niederlassungen weltweit, einem internationalen Netzwerk und zahlreichen prämierten Projekten. Seit 1987 entwickeln wir Konzepte für den Einzelhandel. Neben dem Store-Konzept (Experience und Design) legen wir in unseren Projekten einen starken Fokus auf die Warenpräsentation und eine klare Kommunikation. Daraus entwickelte sich mit der Zeit der heutige 360°-Ansatz, der unsere Projekte einzigartig macht.</p>
<p><a href="https://interstore.ch/app/uploads/2017/03/About-Startfoto-ohne-Stuhl.jpg"><img loading="lazy" decoding="async" class="alignnone wp-image-2186 size-full" src="https://interstore.ch/app/uploads/2017/03/About-Startfoto-ohne-Stuhl.jpg" alt="about-startfoto-ohne-stuhl" width="1260" height="803" srcset="https://interstore.ch/app/uploads/2017/03/About-Startfoto-ohne-Stuhl.jpg 1260w, https://interstore.ch/app/uploads/2017/03/About-Startfoto-ohne-Stuhl-1024x653.jpg 1024w, https://interstore.ch/app/uploads/2017/03/About-Startfoto-ohne-Stuhl-768x489.jpg 768w, https://interstore.ch/app/uploads/2017/03/About-Startfoto-ohne-Stuhl-300x191.jpg 300w" sizes="auto, (max-width: 1260px) 100vw, 1260px" /></a></p>
<h2><span>REIMAGINING RETAIL</span></h2>
<p style="text-align: center;">Reimagining Retail: In enger Zusammenarbeit mit unseren Kunden entwickeln wir neue Formate und Konzepte. Dabei schöpfen wir aus unserer langjährigen Erfahrung und unserem Verständnis für den Handel. Wir kombinieren unser Retail-Know-how mit unserem «Out-of-the-Box»-Denken, unserem Gespür für Innovation und unserer Begeisterung für Neues.<br />
Unsere Lösungen sind produkt- und kundenorientiert. Design und Funktion gehen dabei stets eine enge Verbindung ein.<br />
Wir denken und planen 360° – für den Handel von heute und morgen.</p>
<p>&nbsp;</p>

<p>INTERSTORE SEIT 1987 Wir sind eine Retail-Designagentur mit Hauptsitz in Zürich, mehreren Niederlassungen weltweit, einem internationalen Netzwerk und zahlreichen prämierten Projekten. Seit 1987 entwickeln wir Konzepte für den Einzelhandel. Neben dem Store-Konzept (Experience und Design) legen wir in unseren Projekten einen starken Fokus auf die Warenpräsentation und eine klare Kommunikation. Daraus entwickelte sich mit der [&hellip;]</p>

<!-- This site is optimized with the Yoast SEO plugin v27.0 - https://yoast.com/product/yoast-seo-wordpress/ -->
<title>Über uns - Interstore</title>
<meta name="robots" content="index, follow, max-snippet:-1, max-image-preview:large, max-video-preview:-1" />
<link rel="canonical" href="https://interstore.ch/de/ueber-uns/" />
<meta property="og:locale" content="de_DE" />
<meta property="og:type" content="article" />
<meta property="og:title" content="Über uns - Interstore" />
<meta property="og:description" content="INTERSTORE SEIT 1987 Wir sind eine Retail-Designagentur mit Hauptsitz in Zürich, mehreren Niederlassungen weltweit, einem internationalen Netzwerk und zahlreichen prämierten Projekten. Seit 1987 entwickeln wir Konzepte für den Einzelhandel. Neben dem Store-Konzept (Experience und Design) legen wir in unseren Projekten einen starken Fokus auf die Warenpräsentation und eine klare Kommunikation. Daraus entwickelte sich mit der [&hellip;]" />
<meta property="og:url" content="https://interstore.ch/de/ueber-uns/" />
<meta property="og:site_name" content="Interstore" />
<meta property="article:modified_time" content="2022-07-12T15:26:18+00:00" />
<meta property="og:image" content="https://interstore.ch/app/uploads/2017/03/About-Startfoto-ohne-Stuhl.jpg" />
<meta name="twitter:card" content="summary_large_image" />
<meta name="twitter:label1" content="Est. reading time" />
	<meta name="twitter:data1" content="1 Minute" />
<script type="application/ld+json" class="yoast-schema-graph">{"@context":"https://schema.org","@graph":[{"@type":"WebPage","@id":"https://interstore.ch/de/ueber-uns/","url":"https://interstore.ch/de/ueber-uns/","name":"Über uns - Interstore","isPartOf":{"@id":"https://interstore.ch/de/#website"},"primaryImageOfPage":{"@id":"https://interstore.ch/de/ueber-uns/#primaryimage"},"image":{"@id":"https://interstore.ch/de/ueber-uns/#primaryimage"},"thumbnailUrl":"https://interstore.ch/app/uploads/2017/03/About-Startfoto-ohne-Stuhl.jpg","datePublished":"2015-09-15T08:31:21+00:00","dateModified":"2022-07-12T15:26:18+00:00","breadcrumb":{"@id":"https://interstore.ch/de/ueber-uns/#breadcrumb"},"inLanguage":"de-DE","potentialAction":[{"@type":"ReadAction","target":["https://interstore.ch/de/ueber-uns/"]}]},{"@type":"ImageObject","inLanguage":"de-DE","@id":"https://interstore.ch/de/ueber-uns/#primaryimage","url":"https://interstore.ch/app/uploads/2017/03/About-Startfoto-ohne-Stuhl.jpg","contentUrl":"https://interstore.ch/app/uploads/2017/03/About-Startfoto-ohne-Stuhl.jpg"},{"@type":"BreadcrumbList","@id":"https://interstore.ch/de/ueber-uns/#breadcrumb","itemListElement":[{"@type":"ListItem","position":1,"name":"Home","item":"https://interstore.ch/de/"},{"@type":"ListItem","position":2,"name":"Über uns"}]},{"@type":"WebSite","@id":"https://interstore.ch/de/#website","url":"https://interstore.ch/de/","name":"Interstore","description":"We think Retail!","potentialAction":[{"@type":"SearchAction","target":{"@type":"EntryPoint","urlTemplate":"https://interstore.ch/de/?s={search_term_string}"},"query-input":{"@type":"PropertyValueSpecification","valueRequired":true,"valueName":"search_term_string"}}],"inLanguage":"de-DE"}]}</script>
<!-- / Yoast SEO plugin. -->

Über uns - Interstore

INTERSTORE SEIT 1987 Wir sind eine Retail-Designagentur mit Hauptsitz in Zürich, mehreren Niederlassungen weltweit, einem internationalen Netzwerk und zahlreichen prämierten Projekten. Seit 1987 entwickeln wir Konzepte für den Einzelhandel. Neben dem Store-Konzept (Experience und Design) legen wir in unseren Projekten einen starken Fokus auf die Warenpräsentation und eine klare Kommunikation. Daraus entwickelte sich mit der [&hellip;]
